{"id":21,"date":"2026-02-19T12:28:38","date_gmt":"2026-02-19T12:28:38","guid":{"rendered":"https:\/\/ruohonen.ngmprojektit.fi\/?page_id=21"},"modified":"2026-03-04T07:20:37","modified_gmt":"2026-03-04T07:20:37","slug":"palvelut","status":"publish","type":"page","link":"https:\/\/ruohonen.ngmprojektit.fi\/?page_id=21","title":{"rendered":"Palvelut"},"content":{"rendered":"\t\t<div data-elementor-type=\"wp-page\" data-elementor-id=\"21\" class=\"elementor elementor-21\" data-elementor-post-type=\"page\">\n\t\t\t\t\t\t<section class=\"elementor-section elementor-top-section elementor-element elementor-element-c3e05a3 elementor-section-boxed elementor-section-height-default elementor-section-height-default\" data-id=\"c3e05a3\" data-element_type=\"section\" data-e-type=\"section\" data-settings=\"{&quot;background_background&quot;:&quot;classic&quot;}\">\n\t\t\t\t\t\t\t<div class=\"elementor-background-overlay\"><\/div>\n\t\t\t\t\t\t\t<div class=\"elementor-container elementor-column-gap-default\">\n\t\t\t\t\t<div class=\"elementor-column elementor-col-100 elementor-top-column elementor-element elementor-element-839511d\" data-id=\"839511d\" data-element_type=\"column\" data-e-type=\"column\">\n\t\t\t<div class=\"elementor-widget-wrap elementor-element-populated\">\n\t\t\t\t\t\t<section class=\"elementor-section elementor-inner-section elementor-element elementor-element-429f650 elementor-section-full_width elementor-section-height-default elementor-section-height-default\" data-id=\"429f650\" data-element_type=\"section\" data-e-type=\"section\">\n\t\t\t\t\t\t<div class=\"elementor-container elementor-column-gap-default\">\n\t\t\t\t\t<div class=\"elementor-column elementor-col-50 elementor-inner-column elementor-element elementor-element-fed3da8\" data-id=\"fed3da8\" data-element_type=\"column\" data-e-type=\"column\">\n\t\t\t<div class=\"elementor-widget-wrap elementor-element-populated\">\n\t\t\t\t\t\t<div class=\"elementor-element elementor-element-1fa5313 elementor-widget elementor-widget-heading\" data-id=\"1fa5313\" data-element_type=\"widget\" data-e-type=\"widget\" data-widget_type=\"heading.default\">\n\t\t\t\t\t<h2 class=\"elementor-heading-title elementor-size-default\">Palvelumme<\/h2>\t\t\t\t<\/div>\n\t\t\t\t<div class=\"elementor-element elementor-element-e0c5f58 elementor-widget elementor-widget-text-editor\" data-id=\"e0c5f58\" data-element_type=\"widget\" data-e-type=\"widget\" data-widget_type=\"text-editor.default\">\n\t\t\t\t\t\t\t\t\t<p><b>S\u00e4hk\u00f6ty\u00f6t Ruohonen Oy on osaava ja ammattitaitoinen s\u00e4hk\u00f6asentaja, joka toteuttaa s\u00e4hk\u00f6asennukset ja s\u00e4hk\u00f6huollot.<\/b><\/p>\t\t\t\t\t\t\t\t<\/div>\n\t\t\t\t<div class=\"elementor-element elementor-element-4cf9eae elementor-widget__width-initial elementor-widget elementor-widget-button\" data-id=\"4cf9eae\" data-element_type=\"widget\" data-e-type=\"widget\" data-widget_type=\"button.default\">\n\t\t\t\t\t\t\t\t\t\t<a class=\"elementor-button elementor-button-link elementor-size-sm elementor-animation-shrink\" href=\"#\">\n\t\t\t\t\t\t<span class=\"elementor-button-content-wrapper\">\n\t\t\t\t\t\t\t\t\t<span class=\"elementor-button-text\">Pyyd\u00e4 tarjous<\/span>\n\t\t\t\t\t<\/span>\n\t\t\t\t\t<\/a>\n\t\t\t\t\t\t\t\t<\/div>\n\t\t\t\t\t<\/div>\n\t\t<\/div>\n\t\t\t\t<div class=\"elementor-column elementor-col-50 elementor-inner-column elementor-element elementor-element-b7a0b99\" data-id=\"b7a0b99\" data-element_type=\"column\" data-e-type=\"column\">\n\t\t\t<div class=\"elementor-widget-wrap\">\n\t\t\t\t\t\t\t<\/div>\n\t\t<\/div>\n\t\t\t\t\t<\/div>\n\t\t<\/section>\n\t\t\t\t\t<\/div>\n\t\t<\/div>\n\t\t\t\t\t<\/div>\n\t\t<\/section>\n\t\t\t\t<section class=\"elementor-section elementor-top-section elementor-element elementor-element-b1365d5 elementor-section-boxed elementor-section-height-default elementor-section-height-default\" data-id=\"b1365d5\" data-element_type=\"section\" data-e-type=\"section\">\n\t\t\t\t\t\t<div class=\"elementor-container elementor-column-gap-default\">\n\t\t\t\t\t<div class=\"elementor-column elementor-col-50 elementor-top-column elementor-element elementor-element-f2e1064\" data-id=\"f2e1064\" data-element_type=\"column\" data-e-type=\"column\">\n\t\t\t<div class=\"elementor-widget-wrap elementor-element-populated\">\n\t\t\t\t\t\t<div class=\"elementor-element elementor-element-c5f5eaf elementor-widget elementor-widget-heading\" data-id=\"c5f5eaf\" data-element_type=\"widget\" data-e-type=\"widget\" data-widget_type=\"heading.default\">\n\t\t\t\t\t<h2 class=\"elementor-heading-title elementor-size-default\">Ammattitaitoinen s\u00e4hk\u00f6asentaja tekee s\u00e4hk\u00f6asennukset sopimusten mukaan\n<\/h2>\t\t\t\t<\/div>\n\t\t\t\t<div class=\"elementor-element elementor-element-648a60d elementor-widget elementor-widget-text-editor\" data-id=\"648a60d\" data-element_type=\"widget\" data-e-type=\"widget\" data-widget_type=\"text-editor.default\">\n\t\t\t\t\t\t\t\t\t<p>S\u00e4hk\u00f6ty\u00f6t Ruohonen Oy tekee s\u00e4hk\u00f6asennuksia niin saneeraus- kuin uudiskohteisiin, aina asiakkaan tarpeiden mukaisesti. Meilt\u00e4 onnistuvat niin pienemm\u00e4t kuin suuremmatkin urakat &#8211; olemme toteuttaneet niin omakotitalojen, kerrostalojen kuin taloyhti\u00f6idenkin s\u00e4hk\u00f6t\u00f6it\u00e4. Sen lis\u00e4ksi referensseist\u00e4mme l\u00f6ytyy my\u00f6s julkisen sektorin urakoita.<\/p><div>Kauttamme saat tarvittaessa s\u00e4hk\u00f6urakkaan tarvittavat tarvikkeet, joten niist\u00e4 ei tarvitse erikseen huolehtia. Palvelemme Somerolta noin 150 km s\u00e4teell\u00e4 esimerkiksi Turkuun ja Helsinkiin.<\/div><div>\u00a0<\/div><div>Meilt\u00e4 saat my\u00f6s s\u00e4hk\u00f6suunnitelmat tarvittaessa. Kun luotat ammattitaitoiseen ja p\u00e4tev\u00e4\u00e4n s\u00e4hk\u00f6asentajaan, voit olla varma ett\u00e4 ty\u00f6 etenee sopimusten mukaisesti ja ennen kaikkea asennukset on tehty oikeaoppisesti.\u00a0\u00a0<\/div><div>Teemme niin vaativia kuin pieni\u00e4kin s\u00e4hk\u00f6urakoita kokoon katsomatta.<\/div>\t\t\t\t\t\t\t\t<\/div>\n\t\t\t\t<div class=\"elementor-element elementor-element-07fbe0a elementor-widget__width-initial elementor-widget elementor-widget-button\" data-id=\"07fbe0a\" data-element_type=\"widget\" data-e-type=\"widget\" data-widget_type=\"button.default\">\n\t\t\t\t\t\t\t\t\t\t<a class=\"elementor-button elementor-button-link elementor-size-sm elementor-animation-shrink\" href=\"#\">\n\t\t\t\t\t\t<span class=\"elementor-button-content-wrapper\">\n\t\t\t\t\t\t\t\t\t<span class=\"elementor-button-text\">Laita meille viesti\u00e4<\/span>\n\t\t\t\t\t<\/span>\n\t\t\t\t\t<\/a>\n\t\t\t\t\t\t\t\t<\/div>\n\t\t\t\t\t<\/div>\n\t\t<\/div>\n\t\t\t\t<div class=\"elementor-column elementor-col-50 elementor-top-column elementor-element elementor-element-f41b715\" data-id=\"f41b715\" data-element_type=\"column\" data-e-type=\"column\" data-settings=\"{&quot;background_background&quot;:&quot;classic&quot;}\">\n\t\t\t<div class=\"elementor-widget-wrap elementor-element-populated\">\n\t\t\t\t\t\t<div class=\"elementor-element elementor-element-ded9ea6 elementor-widget elementor-widget-spacer\" data-id=\"ded9ea6\" data-element_type=\"widget\" data-e-type=\"widget\" data-widget_type=\"spacer.default\">\n\t\t\t\t\t\t\t<div class=\"elementor-spacer\">\n\t\t\t<div class=\"elementor-spacer-inner\"><\/div>\n\t\t<\/div>\n\t\t\t\t\t\t<\/div>\n\t\t\t\t\t<\/div>\n\t\t<\/div>\n\t\t\t\t\t<\/div>\n\t\t<\/section>\n\t\t\t\t<section class=\"elementor-section elementor-top-section elementor-element elementor-element-682d96c elementor-section-boxed elementor-section-height-default elementor-section-height-default\" data-id=\"682d96c\" data-element_type=\"section\" data-e-type=\"section\" data-settings=\"{&quot;background_background&quot;:&quot;classic&quot;}\">\n\t\t\t\t\t\t<div class=\"elementor-container elementor-column-gap-default\">\n\t\t\t\t\t<div class=\"elementor-column elementor-col-50 elementor-top-column elementor-element elementor-element-166bd36\" data-id=\"166bd36\" data-element_type=\"column\" data-e-type=\"column\" data-settings=\"{&quot;background_background&quot;:&quot;classic&quot;}\">\n\t\t\t<div class=\"elementor-widget-wrap elementor-element-populated\">\n\t\t\t\t\t\t<div class=\"elementor-element elementor-element-00baee0 elementor-widget elementor-widget-spacer\" data-id=\"00baee0\" data-element_type=\"widget\" data-e-type=\"widget\" data-widget_type=\"spacer.default\">\n\t\t\t\t\t\t\t<div class=\"elementor-spacer\">\n\t\t\t<div class=\"elementor-spacer-inner\"><\/div>\n\t\t<\/div>\n\t\t\t\t\t\t<\/div>\n\t\t\t\t\t<\/div>\n\t\t<\/div>\n\t\t\t\t<div class=\"elementor-column elementor-col-50 elementor-top-column elementor-element elementor-element-65843c6\" data-id=\"65843c6\" data-element_type=\"column\" data-e-type=\"column\">\n\t\t\t<div class=\"elementor-widget-wrap elementor-element-populated\">\n\t\t\t\t\t\t<div class=\"elementor-element elementor-element-fac4bbf elementor-widget elementor-widget-heading\" data-id=\"fac4bbf\" data-element_type=\"widget\" data-e-type=\"widget\" data-widget_type=\"heading.default\">\n\t\t\t\t\t<h2 class=\"elementor-heading-title elementor-size-default\">S\u00e4hk\u00f6ty\u00f6t Sami Ruohosen kautta my\u00f6s s\u00e4hk\u00f6huollot sopimusten mukaan\n<\/h2>\t\t\t\t<\/div>\n\t\t\t\t<div class=\"elementor-element elementor-element-36bd1cb elementor-widget elementor-widget-text-editor\" data-id=\"36bd1cb\" data-element_type=\"widget\" data-e-type=\"widget\" data-widget_type=\"text-editor.default\">\n\t\t\t\t\t\t\t\t\t<div id=\"1868734298\" class=\"dmRespRow u_1868734298\"><div id=\"1952225541\" class=\"dmRespColsWrapper\"><div id=\"1749155628\" class=\"dmRespCol large-12 medium-12 small-12 u_1749155628\"><div id=\"1102586462\" class=\"u_1102586462 dmNewParagraph\" data-element-type=\"paragraph\">Kauttamme onnistuvat my\u00f6s s\u00e4hk\u00f6huoltopalvelut kaikkiin tarvittaviin kohteisiin. Solmimme asiakkaamme kanssa huoltoty\u00f6sopimuksen ja toteutamme kaikki huoltoty\u00f6t tarkasti sen mukaisesti. Toimintamalliimme ja palveluumme kuuluu my\u00f6s ennakoida huoltot\u00f6iden tarpeellisuutta, tehd\u00e4 kustannusseurantaa sek\u00e4 p\u00e4ivyst\u00e4\u00e4 kohteen tarpeiden mukaisesti.<\/div><\/div><\/div><div data-element-type=\"paragraph\">\u00a0<\/div><\/div><div id=\"1287680405\" class=\"dmRespRow u_1287680405 hasBackgroundOverlay\"><div id=\"1780443776\" class=\"dmRespColsWrapper\"><div id=\"1696790842\" class=\"dmRespCol large-12 medium-12 small-12\"><h4 id=\"1839638326\" class=\"dmNewParagraph\" data-element-type=\"paragraph\">Meilt\u00e4 my\u00f6s l\u00e4mp\u00f6kuvaukset!<\/h4><div data-element-type=\"paragraph\">\u00a0<\/div><div id=\"1409559584\" class=\"dmNewParagraph\" data-element-type=\"paragraph\">Toteutamme my\u00f6s l\u00e4mp\u00f6kuvauksia. L\u00e4mp\u00f6kuvauksilla selvit\u00e4mme rakennusten ilmavuodot sek\u00e4 paikallistamme s\u00e4hk\u00f6viat, kuten l\u00f6ys\u00e4t liitokset ja ylikuumenemiset. L\u00e4mp\u00f6kuvaus onkin varsin kustannustehokas ja ennakoiva toimenpide erilaisiin kohteisiin.<div>\u00a0<\/div><div><em>Ota yhteytt\u00e4, niin tarjoamme juuri sinun huoltotarpeisiisi sopivinta ratkaisua!<\/em><\/div><\/div><\/div><\/div><\/div>\t\t\t\t\t\t\t\t<\/div>\n\t\t\t\t<div class=\"elementor-element elementor-element-142f013 elementor-widget__width-initial elementor-widget elementor-widget-button\" data-id=\"142f013\" data-element_type=\"widget\" data-e-type=\"widget\" data-widget_type=\"button.default\">\n\t\t\t\t\t\t\t\t\t\t<a class=\"elementor-button elementor-button-link elementor-size-sm elementor-animation-shrink\" href=\"#\">\n\t\t\t\t\t\t<span class=\"elementor-button-content-wrapper\">\n\t\t\t\t\t\t\t\t\t<span class=\"elementor-button-text\">Ota yhteytt\u00e4<\/span>\n\t\t\t\t\t<\/span>\n\t\t\t\t\t<\/a>\n\t\t\t\t\t\t\t\t<\/div>\n\t\t\t\t\t<\/div>\n\t\t<\/div>\n\t\t\t\t\t<\/div>\n\t\t<\/section>\n\t\t\t\t<section class=\"elementor-section elementor-top-section elementor-element elementor-element-ac69aac elementor-section-boxed elementor-section-height-default elementor-section-height-default\" data-id=\"ac69aac\" data-element_type=\"section\" data-e-type=\"section\">\n\t\t\t\t\t\t<div class=\"elementor-container elementor-column-gap-default\">\n\t\t\t\t\t<div class=\"elementor-column elementor-col-50 elementor-top-column elementor-element elementor-element-6bb0c5e\" data-id=\"6bb0c5e\" data-element_type=\"column\" data-e-type=\"column\">\n\t\t\t<div class=\"elementor-widget-wrap elementor-element-populated\">\n\t\t\t\t\t\t<div class=\"elementor-element elementor-element-7a054ab elementor-widget elementor-widget-heading\" data-id=\"7a054ab\" data-element_type=\"widget\" data-e-type=\"widget\" data-widget_type=\"heading.default\">\n\t\t\t\t\t<h2 class=\"elementor-heading-title elementor-size-default\">Toimitamme my\u00f6s markkinoiden <br>johtavat aurinkopaneelit<\/h2>\t\t\t\t<\/div>\n\t\t\t\t<div class=\"elementor-element elementor-element-e27492a elementor-widget elementor-widget-text-editor\" data-id=\"e27492a\" data-element_type=\"widget\" data-e-type=\"widget\" data-widget_type=\"text-editor.default\">\n\t\t\t\t\t\t\t\t\t<p data-start=\"66\" data-end=\"359\">Kauttamme saat nyt my\u00f6s aurinkopaneelit. Aurinkos\u00e4hk\u00f6n hy\u00f6dynt\u00e4minen on j\u00e4rkev\u00e4\u00e4 ja energiatehokasta. Kerromme mielell\u00e4mme aurinkopaneelien hy\u00f6dyist\u00e4, asennuksesta ja k\u00e4yt\u00f6st\u00e4. Suosittelemme juuri sinun tarpeisiisi sopivaa ratkaisua \u2013 olipa kyseess\u00e4 koti, vapaa-ajan asunto tai muu kiinteist\u00f6.<\/p><p data-start=\"361\" data-end=\"617\">Valikoimastamme l\u00f6ytyy useita eri vaihtoehtoja. Tarjolla on ratkaisuja, jotka tarjoavat erinomaisen suorituskyvyn suhteessa hintaan, toimivat tehokkaasti rajallisella asennusalueella tai vastaavat erityisesti esteettisyytt\u00e4 arvostavan asiakkaan toiveisiin.<\/p><p data-start=\"619\" data-end=\"709\">Teemme aurinkopaneelien asennukset ammattitaidolla niin kes\u00e4m\u00f6keille kuin omakotitaloihin.<\/p><p data-start=\"711\" data-end=\"846\" data-is-last-node=\"\" data-is-only-node=\"\">Tilaa meid\u00e4t ilmaiselle kartoitusk\u00e4ynnille \u2013 kerromme k\u00e4ynnin yhteydess\u00e4 juuri sinun tarpeisiisi parhaiten soveltuvista vaihtoehdoista!<\/p>\t\t\t\t\t\t\t\t<\/div>\n\t\t\t\t<div class=\"elementor-element elementor-element-d9012b2 elementor-widget__width-initial elementor-widget elementor-widget-button\" data-id=\"d9012b2\" data-element_type=\"widget\" data-e-type=\"widget\" data-widget_type=\"button.default\">\n\t\t\t\t\t\t\t\t\t\t<a class=\"elementor-button elementor-button-link elementor-size-sm elementor-animation-shrink\" href=\"https:\/\/ruohonen.ngmprojektit.fi\/?page_id=26\">\n\t\t\t\t\t\t<span class=\"elementor-button-content-wrapper\">\n\t\t\t\t\t\t\t\t\t<span class=\"elementor-button-text\">Tilaa ilmainen kartoitus<\/span>\n\t\t\t\t\t<\/span>\n\t\t\t\t\t<\/a>\n\t\t\t\t\t\t\t\t<\/div>\n\t\t\t\t\t<\/div>\n\t\t<\/div>\n\t\t\t\t<div class=\"elementor-column elementor-col-50 elementor-top-column elementor-element elementor-element-309ff2a\" data-id=\"309ff2a\" data-element_type=\"column\" data-e-type=\"column\" data-settings=\"{&quot;background_background&quot;:&quot;classic&quot;}\">\n\t\t\t<div class=\"elementor-widget-wrap elementor-element-populated\">\n\t\t\t\t\t\t<div class=\"elementor-element elementor-element-6322f82 elementor-widget elementor-widget-spacer\" data-id=\"6322f82\" data-element_type=\"widget\" data-e-type=\"widget\" data-widget_type=\"spacer.default\">\n\t\t\t\t\t\t\t<div class=\"elementor-spacer\">\n\t\t\t<div class=\"elementor-spacer-inner\"><\/div>\n\t\t<\/div>\n\t\t\t\t\t\t<\/div>\n\t\t\t\t\t<\/div>\n\t\t<\/div>\n\t\t\t\t\t<\/div>\n\t\t<\/section>\n\t\t\t\t<section class=\"elementor-section elementor-top-section elementor-element elementor-element-e067110 elementor-section-boxed elementor-section-height-default elementor-section-height-default\" data-id=\"e067110\" data-element_type=\"section\" data-e-type=\"section\" data-settings=\"{&quot;background_background&quot;:&quot;classic&quot;}\">\n\t\t\t\t\t\t\t<div class=\"elementor-background-overlay\"><\/div>\n\t\t\t\t\t\t\t<div class=\"elementor-container elementor-column-gap-default\">\n\t\t\t\t\t<div class=\"elementor-column elementor-col-100 elementor-top-column elementor-element elementor-element-0af126a\" data-id=\"0af126a\" data-element_type=\"column\" data-e-type=\"column\">\n\t\t\t<div class=\"elementor-widget-wrap elementor-element-populated\">\n\t\t\t\t\t\t<div class=\"elementor-element elementor-element-08eb603 elementor-widget elementor-widget-heading\" data-id=\"08eb603\" data-element_type=\"widget\" data-e-type=\"widget\" data-widget_type=\"heading.default\">\n\t\t\t\t\t<h2 class=\"elementor-heading-title elementor-size-default\">Ota yhteytt\u00e4 ja kysy lis\u00e4\u00e4!<\/h2>\t\t\t\t<\/div>\n\t\t\t\t<div class=\"elementor-element elementor-element-e9f13e5 elementor-widget elementor-widget-text-editor\" data-id=\"e9f13e5\" data-element_type=\"widget\" data-e-type=\"widget\" data-widget_type=\"text-editor.default\">\n\t\t\t\t\t\t\t\t\t<div id=\"1102586462\" class=\"u_1102586462 dmNewParagraph\" data-element-type=\"paragraph\" data-version=\"5\"><p class=\"m-text-align-left text-align-left\">Tilaa meid\u00e4t ilmaiselle kartoitusk\u00e4ynnille, jonka yhteydess\u00e4 kerromme juuri sinun tarpeisiisi parhaiten soveltuvista vaihtoehdoista!<\/p><\/div>\t\t\t\t\t\t\t\t<\/div>\n\t\t\t\t<div class=\"elementor-element elementor-element-aa0eca9 elementor-widget__width-inherit elementor-align-center elementor-widget elementor-widget-button\" data-id=\"aa0eca9\" data-element_type=\"widget\" data-e-type=\"widget\" data-widget_type=\"button.default\">\n\t\t\t\t\t\t\t\t\t\t<a class=\"elementor-button elementor-button-link elementor-size-sm elementor-animation-shrink\" href=\"https:\/\/ruohonen.ngmprojektit.fi\/?page_id=26\" target=\"_blank\">\n\t\t\t\t\t\t<span class=\"elementor-button-content-wrapper\">\n\t\t\t\t\t\t\t\t\t<span class=\"elementor-button-text\">Lue lis\u00e4\u00e4<\/span>\n\t\t\t\t\t<\/span>\n\t\t\t\t\t<\/a>\n\t\t\t\t\t\t\t\t<\/div>\n\t\t\t\t\t<\/div>\n\t\t<\/div>\n\t\t\t\t\t<\/div>\n\t\t<\/section>\n\t\t\t\t<\/div>\n\t\t","protected":false},"excerpt":{"rendered":"<p>Palvelumme S\u00e4hk\u00f6ty\u00f6t Ruohonen Oy on osaava ja ammattitaitoinen s\u00e4hk\u00f6asentaja, joka toteuttaa s\u00e4hk\u00f6asennukset ja s\u00e4hk\u00f6huollot. Pyyd\u00e4 tarjous Ammattitaitoinen s\u00e4hk\u00f6asentaja tekee s\u00e4hk\u00f6asennukset [&hellip;]<\/p>\n","protected":false},"author":1,"featured_media":0,"parent":0,"menu_order":0,"comment_status":"closed","ping_status":"closed","template":"elementor_header_footer","meta":{"site-sidebar-layout":"no-sidebar","site-content-layout":"","ast-site-content-layout":"full-width-container","site-content-style":"default","site-sidebar-style":"default","ast-global-header-display":"","ast-banner-title-visibility":"","ast-main-header-display":"","ast-hfb-above-header-display":"","ast-hfb-below-header-display":"","ast-hfb-mobile-header-display":"","site-post-title":"","ast-breadcrumbs-content":"","ast-featured-img":"disabled","footer-sml-layout":"","ast-disable-related-posts":"","theme-transparent-header-meta":"","adv-header-id-meta":"","stick-header-meta":"","header-above-stick-meta":"","header-main-stick-meta":"","header-below-stick-meta":"","astra-migrate-meta-layouts":"default","ast-page-background-enabled":"default","ast-page-background-meta":{"desktop":{"background-color":"var(--ast-global-color-5)","background-image":"","background-repeat":"repeat","background-position":"center center","background-size":"auto","background-attachment":"scroll","background-type":"","background-media":"","overlay-type":"","overlay-color":"","overlay-opacity":"","overlay-gradient":""},"tablet":{"background-color":"","background-image":"","background-repeat":"repeat","background-position":"center center","background-size":"auto","background-attachment":"scroll","background-type":"","background-media":"","overlay-type":"","overlay-color":"","overlay-opacity":"","overlay-gradient":""},"mobile":{"background-color":"","background-image":"","background-repeat":"repeat","background-position":"center center","background-size":"auto","background-attachment":"scroll","background-type":"","background-media":"","overlay-type":"","overlay-color":"","overlay-opacity":"","overlay-gradient":""}},"ast-content-background-meta":{"desktop":{"background-color":"var(--ast-global-color-4)","background-image":"","background-repeat":"repeat","background-position":"center center","background-size":"auto","background-attachment":"scroll","background-type":"","background-media":"","overlay-type":"","overlay-color":"","overlay-opacity":"","overlay-gradient":""},"tablet":{"background-color":"var(--ast-global-color-4)","background-image":"","background-repeat":"repeat","background-position":"center center","background-size":"auto","background-attachment":"scroll","background-type":"","background-media":"","overlay-type":"","overlay-color":"","overlay-opacity":"","overlay-gradient":""},"mobile":{"background-color":"var(--ast-global-color-4)","background-image":"","background-repeat":"repeat","background-position":"center center","background-size":"auto","background-attachment":"scroll","background-type":"","background-media":"","overlay-type":"","overlay-color":"","overlay-opacity":"","overlay-gradient":""}},"footnotes":""},"class_list":["post-21","page","type-page","status-publish","hentry"],"_links":{"self":[{"href":"https:\/\/ruohonen.ngmprojektit.fi\/index.php?rest_route=\/wp\/v2\/pages\/21","targetHints":{"allow":["GET"]}}],"collection":[{"href":"https:\/\/ruohonen.ngmprojektit.fi\/index.php?rest_route=\/wp\/v2\/pages"}],"about":[{"href":"https:\/\/ruohonen.ngmprojektit.fi\/index.php?rest_route=\/wp\/v2\/types\/page"}],"author":[{"embeddable":true,"href":"https:\/\/ruohonen.ngmprojektit.fi\/index.php?rest_route=\/wp\/v2\/users\/1"}],"replies":[{"embeddable":true,"href":"https:\/\/ruohonen.ngmprojektit.fi\/index.php?rest_route=%2Fwp%2Fv2%2Fcomments&post=21"}],"version-history":[{"count":34,"href":"https:\/\/ruohonen.ngmprojektit.fi\/index.php?rest_route=\/wp\/v2\/pages\/21\/revisions"}],"predecessor-version":[{"id":155,"href":"https:\/\/ruohonen.ngmprojektit.fi\/index.php?rest_route=\/wp\/v2\/pages\/21\/revisions\/155"}],"wp:attachment":[{"href":"https:\/\/ruohonen.ngmprojektit.fi\/index.php?rest_route=%2Fwp%2Fv2%2Fmedia&parent=21"}],"curies":[{"name":"wp","href":"https:\/\/api.w.org\/{rel}","templated":true}]}}